 n(z) = z**3 - 19*z**2 + 9*z - 158. Calculate n(19).
13
Let m(d) = d**2 - d + 3. What is m(2)?
5
Let d(c) = 2*c**2 + 4*c - 2. What is d(-4)?
14
Let w(v) = -7*v**3 - 4*v**2 - 2*v - 5. Give w(-3).
154
Let v(r) = r**3 + 7*r**2 - 5*r - 37. Determine v(-7).
-2
Let g(t) = -7*t - 2. Calculate g(1).
-9
Let u(h) = -h**3 - 9*h**2 - 3*h - 20. Determine u(-9).
7
Let o(k) = -2*k + 41. What is o(-4)?
49
Let r(c) = c**2 - 20*c + 89. Determine r(6).
5
Let w(k) = k**2 - 7*k + 5. Calculate w(5).
-5
Let b(o) = -o**3 + 17*o**2 - o + 10. What is b(17)?
-7
Let f(n) = n - 39. Calculate f(12).
-27
Let k(t) = -t**2 + 7*t + 25. Give k(-4).
-19
Let r(k) = -18*k - 84. What is r(-5)?
6
Let n(l) = l**2 + 11. Determine n(-5).
36
Let y(a) = a**3 + 6*a**2 + 6*a + 3. What is y(-4)?
11
Let o(y) = y**3 - 6*y**2 - 5*y + 4. Give o(8).
92
Let x(y) = -y**2 - 3*y + 20. Give x(-7).
-8
Let f(t) = t**2 - 18*t + 19. Give f(17).
2
Let a(q) = 59*q + 1355. Determine a(-23).
-2
Let p(t) = -2*t**2 - 6*t - 11. Calculate p(-5).
-31
Let r(q) = 13*q**2 - 7*q + 5. Determine r(2).
43
Let v(s) = -2*s**2 - 12*s - 5. Calculate v(-5).
5
Let g(b) = -4*b**3 + 3*b**2 - b - 2. Calculate g(1).
-4
Let i(a) = -a + 18. Calculate i(-6).
24
Let b(a) = 5*a - 94. Determine b(20).
6
Let u(a) = 2*a**2 + 37*a - 47. Calculate u(-21).
58
Let w(g) = 8*g**3 + g**2 - g + 6. What is w(-2)?
-52
Let z(g) = -g**2 + 6*g + 7. Determine z(6).
7
Let w(g) = 5*g + 33. What is w(-7)?
-2
Let k(n) = n**3 + 5*n**2 - 4*n - 12. What is k(-5)?
8
Let k(h) = -h**3 + 3*h**2 + 6*h + 2. Determine k(5).
-18
Let z(h) = h**3 - 13*h**2 - 36*h + 66. Give z(15).
-24
Let z(m) = -m**3 - 35*m**2 + 36*m - 16. What is z(-36)?
-16
Let y(g) = g**3 + 7*g**2 + 2*g + 6. What is y(-7)?
-8
Let p(g) = 83*g - 415. Give p(5).
0
Let w(p) = -p**2 + 14*p - 3. What is w(9)?
42
Let o(a) = a**3 + 6*a**2 + 5*a - 1. Give o(-5).
-1
Let y(s) = -3*s**2 - 8*s - 7. What is y(-2)?
-3
Let r(l) = -6*l + 25. Determine r(3).
7
Let y(t) = t - 1. Determine y(-13).
-14
Let n(h) = -13*h - 4. Calculate n(1).
-17
Let m(j) = j**2 - 3*j - 12. What is m(-3)?
6
Let b(n) = 13*n. What is b(-1)?
-13
Let a(h) = -h**2 + 8*h - 16. Determine a(6).
-4
Let o(g) = g**3 + g**2 + 2*g - 6. Determine o(0).
-6
Let v(p) = 4*p + 1. Give v(1).
5
Let p(s) = -6*s - 19. Calculate p(-3).
-1
Let j(c) = c**3 - 5*c**2 + c + 8. Calculate j(3).
-7
Let d(u) = u**3 + 9*u**2 + 15*u - 2. Determine d(-6).
16
Let h(g) = 5*g - 70. Calculate h(5).
-45
Let v(t) = 2*t - 26. Give v(9).
-8
Let h(o) = -o**3 - 17*o**2 - 17*o - 1. What is h(-16)?
15
Let y(s) = -s**2 + 7*s - 4. Give y(6).
2
Let q(l) = l**2 - l + 6. Calculate q(0).
6
Let h(v) = -75*v**2 + 3*v - 2. What is h(1)?
-74
Let u(k) = k**2 + 21*k - 23. Calculate u(-22).
-1
Let k(b) = 4*b - 164. What is k(37)?
-16
Let y(f) = 37*f + 98. Determine y(-3).
-13
Let m(z) = z**3 + 5*z**2 - 6*z - 9. Determine m(-6).
-9
Let p(i) = i**3 + 5*i**2 + 5*i - 4. Determine p(-4).
-8
Let k(g) = -g**2 - g + 34. What is k(-8)?
-22
Let b(c) = c**3 - 23*c**2 + 23*c - 23. Give b(22).
-1
Let i(a) = a**2 - 1. Determine i(-2).
3
Let c(b) = -2*b**2 + 10*b - 18. What is c(3)?
-6
Let u(c) = c**2 - 11*c + 2. Determine u(10).
-8
Let v(c) = c**3 + 6*c**2 + 5*c - 12. Give v(-5).
-12
Let x(l) = -l**3 - 15*l**2 - l - 52. Give x(-15).
-37
Let v(f) = f**2 + 7*f + 4. Give v(-6).
-2
Let v(j) = -j**2 + 11*j - 14. Calculate v(10).
-4
Let h(l) = l**3 - 41*l**2 - 88*l + 88. What is h(43)?
2
Let o(u) = -u. Calculate o(17).
-17
Let l(j) = -j**3 + 8*j**2 + j + 7. Calculate l(7).
63
Let q(c) = 2*c**2 + 4*c - 3. Determine q(-4).
13
Let v(q) = 6*q + 17. Give v(-15).
-73
Let x(a) = 3*a + 15. Give x(3).
24
Let t(m) = m**3 + 3*m**2 + m - 2. Calculate t(-3).
-5
Let d(m) = -m**2 - 7*m + 5. Calculate d(-8).
-3
Let q(i) = -13*i**2 + 74*i - 15. Determine q(6).
-39
Let u(y) = -y**2 + y + 2. Determine u(3).
-4
Let g(r) = -13*r + 63. Determine g(11).
-80
Let x(w) = 11*w + 19. Give x(-3).
-14
Let s(x) = x - 16. Determine s(0).
-16
Let k(s) = 22*s - 968. Give k(44).
0
Let l(q) = q**3 + 26*q**2 - 27*q + 5. Determine l(-27).
5
Let q(f) = -f + 6. Give q(11).
-5
Let q(m) = m**2 - 52*m - 5. What is q(52)?
-5
Let z(w) = -2*w**2 + 7*w + 8. Give z(6).
-22
Let o(w) = w**3 - 12*w**2 + 6*w + 4. Give o(11).
-51
Let w(a) = -a**3 + 15*a**2 - 35*a - 13. Calculate w(12).
-1
Let y(x) = -x**2 - 11*x + 5. Calculate y(-12).
-7
Let l(q) = q**2 - 8*q - 8. Determine l(6).
-20
Let k(s) = 8*s + 81. What is k(-10)?
1
Let k(w) = w**2 + 27*w + 83. Give k(-19).
-69
Let l(u) = -u - 17. Give l(-14).
-3
Let n(o) = o**3 + 6*o**2 + 1. Give n(-6).
1
Let q(a) = -3*a - 4. Determine q(-5).
11
Let n(f) = -2*f**2 + 11*f + 11. Calculate n(-1).
-2
Let o(v) = -68*v - 748. What is o(-11)?
0
Let t(f) = f**3 + 9*f**2 + 3*f + 2. Calculate t(-9).
-25
Let j(z) = z**2 - 2*z + 1. Determine j(4).
9
Let l(d) = -d**3 - 29*d**2 + 64*d - 5. What is l(-31)?
-67
Let i(q) = q**3 - 16*q**2 - 16*q - 14. What is i(17)?
3
Let u(o) = 8*o**3 - 4*o**2 + 3*o. Give u(2).
54
Let v(u) = -8*u + 12. Give v(-8).
76
Let q(s) = -s**3 - 6*s**2 + 4*s + 9. What is q(-5)?
-36
Let f(s) = -2*s + 21. Give f(10).
1
Let b(z) = z**3 - 8*z**2 + 3*z + 4. Give b(8).
28
Let r(n) = n + 18. What is r(-14)?
4
Let j(n) = 19*n - 17. Determine j(2).
21
Let j(l) = l**2 - 14*l + 7. Calculate j(13).
-6
Let a(i) = -32*i + 353. What is a(11)?
1
Let m(g) = g - 36. Determine m(25).
-11
Let s(w) = w**3 + 7*w**2 - 15*w - 98. Give s(-7).
7
Let z(p) = p - 5. What is z(-3)?
-8
Let f(h) = -h**3 + 3*h**2 - 15*h + 2. Determine f(4).
-74
Let m(d) = d**3 + 6*d**2 + 4*d + 10. What is m(-5)?
15
Let a(d) = -3*d - 27. Determine a(-5).
-12
Let p(k) = -6*k + 5. Give p(-5).
35
Let f(c) = 5*c + 18. Determine f(-11).
-37
Let b(r) = -r**2 - 2*r + 8. Calculate b(-7).
-27
Let g(l) = -2*l**2 + 16*l - 19. Determine g(7).
-5
Let y(m) = 5*m**2 + 31*m - 16. What is y(-7)?
12
Let l(k) = k**2 + 17*k + 37. What is l(-8)?
-35
Let p(b) = -6*b - 59. What is p(-10)?
1
Let z(i) = i**3 + 5*i**2 - i - 13. Give z(-7).
-104
Let x(k) = -k**2 + 6*k + 9. Calculate x(7).
2
Let j(a) = a**2 - 30*a - 44. Determine j(32).
20
Let a(k) = 3*k - 30. Determine a(12).
6
Let n(c) = -2*c**3 + 15*c**2 + 16*c - 63. Determine n(8).
1
Let i(f) = 2*f**2 + 23*f + 42. Calculate i(-8).
-14
Let t(o) = o**3 + 2*o**2 + o + 10. Determine t(-3).
-2
Let b(m) = 2*m**2 - 14*m - 56. Determine b(10).
4
Let h(m) = m**3 - m + 9. Calculate h(-4).
-51
Let q(x) = -x**2 - 3*x + 7. Give q(-5).
-3
Let t(l) = -4*l - 26. Give t(8).
-58
Let c(r) = -r**2 + 13*r - 22. Determine c(11).
0
Let w(c) = 13*c**3 + c - 1. Calculate w(1).
13
Let g(z) = 44*z**2 + z - 1. What is g(2)?
177
Let i(j) = -3*j**2 + 65*j - 40. What is i(21)?
2
Let r(q) = q**3 + 5*q + 2. Give r(-2).
-16
Let d(w) = -94*w**2 - 2*w + 1. Give d(1).
-95
Let l(f) = -2*f**3 + f**2 - 24*f - 23. Determine l(-1).
4
Let z(i) = i**3 + 24*i**2 - 3*i - 54. What is z(-24)?
18
Let g(r) = -2*r - 35. Determine g(-14).
-7
Let d(r) = 5*r - 47. Determine d(11).
8
Let j(c) = -2*c**2 + 11*c + 5. Determine j(6).
-1
Let h(a) = a**3 - 2*a + 20. Give h(0).
20
Let d(g) = -g**3 + g + 36. Determine d(0).
36
Let m(z) = z + 38. Calculate m(-27).
11
Let z(d) = d - 7. What is z(-10)?
-17
Let h(s) = -3*s**2 + 70*s - 26. Determine h(23).
-3
Let q(m) = 4*m + 27. Calculate q(-6).
3
Let n(f) = 26*f**2 + f + 1. Determine n(-1).
26
Let z(h) = -h**3 + 4*h**2 - 5*h - 6. What is z(5)?
-56
Let m(l) = 5*l**2 + 80*l - 284. What is m(-19)?
1
Let o(n) = -8*n**2 - 2*n + 2. Give o(1).
-8
Let f(j) = 17*j - 96. Give f(6).
6
Let v(p) = -5*p**2 + 9*p + 4. Calculate v(2).
2
Let c(y) = y - 9. Determine c(9).
0
Let s(j) = -j**3 + 18*j**2 + 20*j + 2. Give s(19).
21
Let k(x) = x**3 - 4*x**2 + x - 1. Give k(3).
-7
Let p(f) = -3*f**2 + f - 1. What is p(2)?
-11
Let m(a) = -a**2 + 15*a - 11. Calculate m(14).
3
Let r(z) = z**3 + z**2 + z. Determine r(2).
14
Let v(k) = k - 13. Give v(-4).
-17
Let n(k) = 4*k + 21. Give n(-3).
9
Let i(g) = -g**3 + 24*g**2 - 117*g - 9. What is i(7)?
5
Let r(a) = -6*a**2 + a. Give r(2).
-22
Let o(p) = -p**2 + 31*p + 97. What is o(34)?
-5
Let f(c) = -2*c - 5. Give f(-4).
3
Let t(h) = 150*h + 303. What is t(-2)?
3
Let a(l) = -l**3 + 6*l**2 - 4*l - 7. Determine a(5).
-2
Let t(k) = -k**3 + 17*k**2 + k - 17. Calculate t(17).
0
Let h(z) = z**2 + 2*z + 6. Give h(-4).
14
Let o(r) = r**3 - 3*r**2 